{"id":13,"date":"2023-09-14T07:45:38","date_gmt":"2023-09-14T07:45:38","guid":{"rendered":"https:\/\/www.ozfenkayisi.com\/?page_id=13"},"modified":"2023-09-14T07:45:39","modified_gmt":"2023-09-14T07:45:39","slug":"sitemiz-yenilenmektedir-yakinda-sitemize-tekrar-ugrayiniz","status":"publish","type":"page","link":"https:\/\/www.ozfenkayisi.com\/index.php\/sitemiz-yenilenmektedir-yakinda-sitemize-tekrar-ugrayiniz\/","title":{"rendered":"Sitemiz Yenilenmektedir. Yak\u0131nda sitemize tekrar u\u011fray\u0131n\u0131z."},"content":{"rendered":"","protected":false},"excerpt":{"rendered":"","protected":false},"author":1,"featured_media":0,"parent":0,"menu_order":0,"comment_status":"closed","ping_status":"closed","template":"","meta":{"footnotes":""},"_links":{"self":[{"href":"https:\/\/www.ozfenkayisi.com\/index.php\/wp-json\/wp\/v2\/pages\/13"}],"collection":[{"href":"https:\/\/www.ozfenkayisi.com\/index.php\/wp-json\/wp\/v2\/pages"}],"about":[{"href":"https:\/\/www.ozfenkayisi.com\/index.php\/wp-json\/wp\/v2\/types\/page"}],"author":[{"embeddable":true,"href":"https:\/\/www.ozfenkayisi.com\/index.php\/wp-json\/wp\/v2\/users\/1"}],"replies":[{"embeddable":true,"href":"https:\/\/www.ozfenkayisi.com\/index.php\/wp-json\/wp\/v2\/comments?post=13"}],"version-history":[{"count":2,"href":"https:\/\/www.ozfenkayisi.com\/index.php\/wp-json\/wp\/v2\/pages\/13\/revisions"}],"predecessor-version":[{"id":20,"href":"https:\/\/www.ozfenkayisi.com\/index.php\/wp-json\/wp\/v2\/pages\/13\/revisions\/20"}],"wp:attachment":[{"href":"https:\/\/www.ozfenkayisi.com\/index.php\/wp-json\/wp\/v2\/media?parent=13"}],"curies":[{"name":"wp","href":"https:\/\/api.w.org\/{rel}","templated":true}]}}